e the remainder when 24279 is divided by 125.
29
What is the remainder when 3861963 is divided by 228?
99
Calculate the remainder when 2590493 is divided by 54.
5
What is the remainder when 18408300 is divided by 1034?
1032
What is the remainder when 777758 is divided by 23?
13
Calculate the remainder when 5952613 is divided by 362.
247
Calculate the remainder when 1058307 is divided by 1893.
120
What is the remainder when 10058 is divided by 1029?
797
What is the remainder when 18975887 is divided by 5678?
11
Calculate the remainder when 23508 is divided by 2548.
576
What is the remainder when 4635851 is divided by 165?
11
Calculate the remainder when 918220 is divided by 306036.
112
What is the remainder when 289209115 is divided by 17?
15
Calculate the remainder when 268070 is divided by 1544.
958
Calculate the remainder when 2026567 is divided by 75.
67
Calculate the remainder when 283072 is divided by 132.
64
What is the remainder when 279836 is divided by 2236?
336
Calculate the remainder when 680135 is divided by 9854.
209
What is the remainder when 361256 is divided by 113?
108
What is the remainder when 9176917 is divided by 5?
2
What is the remainder when 1890872 is divided by 1196?
1192
What is the remainder when 1335498 is divided by 6354?
1158
What is the remainder when 25194731 is divided by 9394?
23
What is the remainder when 835338 is divided by 278296?
450
Calculate the remainder when 369469 is divided by 61185.
2359
What is the remainder when 172825513 is divided by 45?
43
Calculate the remainder when 1672968 is divided by 1097.
43
Calculate the remainder when 1973295 is divided by 3302.
2001
Calculate the remainder when 219851 is divided by 701.
438
What is the remainder when 11528024 is divided by 23?
10
What is the remainder when 418699871 is divided by 5409?
5408
What is the remainder when 133479 is divided by 33318?
207
Calculate the remainder when 3810589 is divided by 32.
29
Calculate the remainder when 42771 is divided by 4606.
1317
Calculate the remainder when 801168 is divided by 16691.
0
Calculate the remainder when 283908215 is divided by 40.
15
Calculate the remainder when 3093156 is divided by 2039.
2032
What is the remainder when 58706398 is divided by 1525?
1523
What is the remainder when 327719 is divided by 833?
350
What is the remainder when 50262956 is divided by 28?
16
Calculate the remainder when 4732237 is divided by 430201.
26
Calculate the remainder when 120104 is divided by 182.
166
What is the remainder when 3571681 is divided by 99213?
13
Calculate the remainder when 100787 is divided by 1775.
1387
What is the remainder when 182234769 is divided by 102?
39
What is the remainder when 294203 is divided by 8405?
28
Calculate the remainder when 10103051 is divided by 4.
3
What is the remainder when 1905814 is divided by 2774?
76
What is the remainder when 369135 is divided by 18418?
775
What is the remainder when 1609669 is divided by 1489?
60
Calculate the remainder when 527991 is divided by 527921.
70
Calculate the remainder when 9868859 is divided by 4675.
4609
What is the remainder when 3289204 is divided by 3289188?
16
What is the remainder when 77250 is divided by 19043?
1078
Calculate the remainder when 17263940 is divided by 31332.
8
What is the remainder when 1650946 is divided by 115?
6
What is the remainder when 23022 is divided by 2828?
398
Calculate the remainder when 18125843 is divided by 305.
303
What is the remainder when 18055 is divided by 7959?
2137
Calculate the remainder when 162706 is divided by 80164.
2378
Calculate the remainder when 10565 is divided by 2290.
1405
Calculate the remainder when 135129 is divided by 4439.
1959
What is the remainder when 8358 is divided by 1392?
6
Calculate the remainder when 170007 is divided by 84854.
299
What is the remainder when 875934 is divided by 4921?
4917
Calculate the remainder when 3437368 is divided by 1145622.
502
What is the remainder when 1544389 is divided by 1544380?
9
Calculate the remainder when 1429861 is divided by 361.
301
Calculate the remainder when 5888983 is divided by 1922.
1897
What is the remainder when 6570546 is divided by 96?
18
Calculate the remainder when 12297214 is divided by 58.
54
What is the remainder when 3406428 is divided by 1135471?
15
Calculate the remainder when 724041 is divided by 103431.
24
Calculate the remainder when 231075451 is divided by 25.
1
What is the remainder when 4388471 is divided by 444?
419
Calculate the remainder when 1058557 is divided by 32.
29
What is the remainder when 17411929 is divided by 72?
25
What is the remainder when 24393599 is divided by 2420?
2419
Calculate the remainder when 7221697 is divided by 562.
559
Calculate the remainder when 49663888 is divided by 86977.
21
What is the remainder when 1039217 is divided by 32468?
241
What is the remainder when 13372394 is divided by 4457434?
92
What is the remainder when 7150567 is divided by 10?
7
What is the remainder when 2846890 is divided by 8228?
2
Calculate the remainder when 178629 is divided by 89020.
589
Calculate the remainder when 59691516 is divided by 2174.
2172
What is the remainder when 600529 is divided by 2565?
319
What is the remainder when 89571 is divided by 2887?
74
What is the remainder when 5225977 is divided by 136?
41
What is the remainder when 3457376 is divided by 9395?
16
Calculate the remainder when 49425 is divided by 16291.
552
Calculate the remainder when 800255 is divided by 2951.
534
Calculate the remainder when 710307 is divided by 236768.
3
What is the remainder when 38297 is divided by 2390?
57
What is the remainder when 44868 is divided by 8854?
598
Calculate the remainder when 253287 is divided by 254.
49
What is the remainder when 175681 is divided by 56818?
5227
Calculate the remainder when 433713 is divided by 711.
3
What is the remainder when 3177412 is divided by 1216?
4
Calculate the remainder when 88985 is divided by 9617.
2432
Calculate the remainder when 56543505 is divided by 183.
165
What is the remainder when 125836 is divided by 60722?
4392
Calculate the remainder when 253208655 is divided by 788812.
3
What is the remainder when 506041 is divided by 83239?
6607
What is the remainder when 9953824 is divided by 10?
4
What is the remainder when 10927286 is divided by 4338?
4202
Calculate the remainder when 23549672 is divided by 141.
134
What is the remainder when 1505501 is divided by 421?
5
What is the remainder when 22978409 is divided by 58?
27
What is the remainder when 9810633 is divided by 4905311?
11
What is the remainder when 6845756 is divided by 4657?
4623
Calculate the remainder when 3359945 is divided by 1067.
1029
What is the remainder when 146361 is divided by 3954?
63
What is the remainder when 646098 is divided by 6785?
1523
What is the remainder when 3215108 is divided by 401888?
4
What is the remainder when 3351408 is divided by 38084?
16
What is the remainder when 2603573 is divided by 18072?
1205
Calculate the remainder when 660596 is divided by 426.
296
What is the remainder when 3860993 is divided by 36?
29
What is the remainder when 29204194 is divided by 5840838?
4
Calculate the remainder when 31671623 is divided by 622.
5
Calculate the remainder when 1836846 is divided by 350.
46
Calculate the remainder when 830071 is divided by 829943.
128
Calculate the remainder when 744557105 is divided by 1393.
1391
Calculate the remainder when 19874138 is divided by 231094.
54
What is the remainder when 92605018 is divided by 27?
13
Calculate the remainder when 2479555 is divided by 836.
815
Calculate the remainder when 11240993 is divided by 125.
118
Calculate the remainder when 60838927 is divided by 32224.
15
Calculate the remainder when 285966 is divided by 95209.
339
What is the remainder when 1748327 is divided by 2637?
2633
Calculate the remainder when 6016993558 is divided by 18.
16
What is the remainder when 289532 is divided by 9628?
692
Calculate the remainder when 62378 is divided by 6874.
512
What is the remainder when 40955 is divided by 9872?
1467
What is the remainder when 160730 is divided by 2238?
1832
What is the remainder when 633120 is divided by 11292?
768
What is the remainder when 937241 is divided by 1270?
1251
What is the remainder wh